{"id":321,"date":"2025-10-02T13:04:29","date_gmt":"2025-10-02T17:04:29","guid":{"rendered":"http:\/\/xn--atrolu-65a5l1q.tr\/?page_id=321"},"modified":"2025-10-03T05:05:02","modified_gmt":"2025-10-03T09:05:02","slug":"galeri","status":"publish","type":"page","link":"https:\/\/xn--atrolu-65a5l1q.tr\/?page_id=321","title":{"rendered":"Galeri"},"content":{"rendered":"\t\t<div data-elementor-type=\"wp-page\" data-elementor-id=\"321\" class=\"elementor elementor-321\">\n\t\t\t\t<div class=\"elementor-element elementor-element-d38f838 e-flex e-con-boxed e-con e-parent\" data-id=\"d38f838\" data-element_type=\"container\" data-e-type=\"container\">\n\t\t\t\t\t<div class=\"e-con-inner\">\n\t\t\t\t<div class=\"elementor-element elementor-element-8b133fc elementor-widget elementor-widget-image-gallery\" data-id=\"8b133fc\" data-element_type=\"widget\" data-e-type=\"widget\" data-widget_type=\"image-gallery.default\">\n\t\t\t\t\t\t\t<div class=\"elementor-image-gallery\">\n\t\t\t<div id='gallery-1' class='gallery galleryid-321 gallery-columns-4 gallery-size-thumbnail'><figure class='gallery-item'>\n\t\t\t<div class='gallery-icon landscape'>\n\t\t\t\t<a data-elementor-open-lightbox=\"yes\" data-elementor-lightbox-slideshow=\"8b133fc\" data-elementor-lightbox-title=\"ld2\" data-e-action-hash=\"#elementor-action%3Aaction%3Dlightbox%26settings%3DeyJpZCI6MzU4LCJ1cmwiOiJodHRwczpcL1wveG4tLWF0cm9sdS02NWE1bDFxLnRyXC93cC1jb250ZW50XC91cGxvYWRzXC8yMDI1XC8xMFwvbGQyLmpwZyIsInNsaWRlc2hvdyI6IjhiMTMzZmMifQ%3D%3D\" href='https:\/\/xn--atrolu-65a5l1q.tr\/wp-content\/uploads\/2025\/10\/ld2.jpg'><img decoding=\"async\" width=\"150\" height=\"150\" src=\"https:\/\/xn--atrolu-65a5l1q.tr\/wp-content\/uploads\/2025\/10\/ld2-150x150.jpg\" class=\"attachment-thumbnail size-thumbnail\" alt=\"\" \/><\/a>\n\t\t\t<\/div><\/figure><figure class='gallery-item'>\n\t\t\t<div class='gallery-icon landscape'>\n\t\t\t\t<a data-elementor-open-lightbox=\"yes\" data-elementor-lightbox-slideshow=\"8b133fc\" data-elementor-lightbox-title=\"ld1\" data-e-action-hash=\"#elementor-action%3Aaction%3Dlightbox%26settings%3DeyJpZCI6MzU3LCJ1cmwiOiJodHRwczpcL1wveG4tLWF0cm9sdS02NWE1bDFxLnRyXC93cC1jb250ZW50XC91cGxvYWRzXC8yMDI1XC8xMFwvbGQxLmpwZyIsInNsaWRlc2hvdyI6IjhiMTMzZmMifQ%3D%3D\" href='https:\/\/xn--atrolu-65a5l1q.tr\/wp-content\/uploads\/2025\/10\/ld1.jpg'><img decoding=\"async\" width=\"150\" height=\"150\" src=\"https:\/\/xn--atrolu-65a5l1q.tr\/wp-content\/uploads\/2025\/10\/ld1-150x150.jpg\" class=\"attachment-thumbnail size-thumbnail\" alt=\"\" \/><\/a>\n\t\t\t<\/div><\/figure>\n\t\t<\/div>\n\t\t<\/div>\n\t\t\t\t\t\t<\/div>\n\t\t\t\t\t<\/div>\n\t\t\t\t<\/div>\n\t\t<div class=\"elementor-element elementor-element-c8672be e-flex e-con-boxed e-con e-parent\" data-id=\"c8672be\" data-element_type=\"container\" data-e-type=\"container\">\n\t\t\t\t\t<div class=\"e-con-inner\">\n\t\t\t\t<div class=\"elementor-element elementor-element-3205737 elementor-widget elementor-widget-image-gallery\" data-id=\"3205737\" data-element_type=\"widget\" data-e-type=\"widget\" data-widget_type=\"image-gallery.default\">\n\t\t\t\t\t\t\t<div class=\"elementor-image-gallery\">\n\t\t\t<div id='gallery-2' class='gallery galleryid-321 gallery-columns-4 gallery-size-thumbnail'><figure class='gallery-item'>\n\t\t\t<div class='gallery-icon landscape'>\n\t\t\t\t<a data-elementor-open-lightbox=\"yes\" data-elementor-lightbox-slideshow=\"3205737\" data-elementor-lightbox-title=\"SBXiG2\" data-e-action-hash=\"#elementor-action%3Aaction%3Dlightbox%26settings%3DeyJpZCI6MTksInVybCI6Imh0dHBzOlwvXC94bi0tYXRyb2x1LTY1YTVsMXEudHJcL3dwLWNvbnRlbnRcL3VwbG9hZHNcLzIwMjVcLzA4XC9TQlhpRzItMS5qcGciLCJzbGlkZXNob3ciOiIzMjA1NzM3In0%3D\" href='https:\/\/xn--atrolu-65a5l1q.tr\/wp-content\/uploads\/2025\/08\/SBXiG2-1.jpg'><img decoding=\"async\" width=\"150\" height=\"150\" src=\"https:\/\/xn--atrolu-65a5l1q.tr\/wp-content\/uploads\/2025\/08\/SBXiG2-1-150x150.jpg\" class=\"attachment-thumbnail size-thumbnail\" alt=\"\" \/><\/a>\n\t\t\t<\/div><\/figure><figure class='gallery-item'>\n\t\t\t<div class='gallery-icon landscape'>\n\t\t\t\t<a data-elementor-open-lightbox=\"yes\" data-elementor-lightbox-slideshow=\"3205737\" data-elementor-lightbox-title=\"kemeralti-market\" data-e-action-hash=\"#elementor-action%3Aaction%3Dlightbox%26settings%3DeyJpZCI6OTYsInVybCI6Imh0dHBzOlwvXC94bi0tYXRyb2x1LTY1YTVsMXEudHJcL3dwLWNvbnRlbnRcL3VwbG9hZHNcLzIwMjVcLzEwXC9rZW1lcmFsdGktbWFya2V0LmpwZyIsInNsaWRlc2hvdyI6IjMyMDU3MzcifQ%3D%3D\" href='https:\/\/xn--atrolu-65a5l1q.tr\/wp-content\/uploads\/2025\/10\/kemeralti-market.jpg'><img loading=\"lazy\" decoding=\"async\" width=\"150\" height=\"150\" src=\"https:\/\/xn--atrolu-65a5l1q.tr\/wp-content\/uploads\/2025\/10\/kemeralti-market-150x150.jpg\" class=\"attachment-thumbnail size-thumbnail\" alt=\"\" \/><\/a>\n\t\t\t<\/div><\/figure><figure class='gallery-item'>\n\t\t\t<div class='gallery-icon landscape'>\n\t\t\t\t<a data-elementor-open-lightbox=\"yes\" data-elementor-lightbox-slideshow=\"3205737\" data-elementor-lightbox-title=\"the_history_of_trabzon\" data-e-action-hash=\"#elementor-action%3Aaction%3Dlightbox%26settings%3DeyJpZCI6OTgsInVybCI6Imh0dHBzOlwvXC94bi0tYXRyb2x1LTY1YTVsMXEudHJcL3dwLWNvbnRlbnRcL3VwbG9hZHNcLzIwMjVcLzEwXC90aGVfaGlzdG9yeV9vZl90cmFiem9uLmpwZyIsInNsaWRlc2hvdyI6IjMyMDU3MzcifQ%3D%3D\" href='https:\/\/xn--atrolu-65a5l1q.tr\/wp-content\/uploads\/2025\/10\/the_history_of_trabzon.jpg'><img loading=\"lazy\" decoding=\"async\" width=\"150\" height=\"150\" src=\"https:\/\/xn--atrolu-65a5l1q.tr\/wp-content\/uploads\/2025\/10\/the_history_of_trabzon-150x150.jpg\" class=\"attachment-thumbnail size-thumbnail\" alt=\"\" \/><\/a>\n\t\t\t<\/div><\/figure><figure class='gallery-item'>\n\t\t\t<div class='gallery-icon landscape'>\n\t\t\t\t<a data-elementor-open-lightbox=\"yes\" data-elementor-lightbox-slideshow=\"3205737\" data-elementor-lightbox-title=\"s\u00fcmelamanast\u0131r\u0131\" data-e-action-hash=\"#elementor-action%3Aaction%3Dlightbox%26settings%3DeyJpZCI6OTksInVybCI6Imh0dHBzOlwvXC94bi0tYXRyb2x1LTY1YTVsMXEudHJcL3dwLWNvbnRlbnRcL3VwbG9hZHNcLzIwMjVcLzEwXC9zdW1lbGFtYW5hc3RpcmkuanBnIiwic2xpZGVzaG93IjoiMzIwNTczNyJ9\" href='https:\/\/xn--atrolu-65a5l1q.tr\/wp-content\/uploads\/2025\/10\/sumelamanastiri.jpg'><img loading=\"lazy\" decoding=\"async\" width=\"150\" height=\"150\" src=\"https:\/\/xn--atrolu-65a5l1q.tr\/wp-content\/uploads\/2025\/10\/sumelamanastiri-150x150.jpg\" class=\"attachment-thumbnail size-thumbnail\" alt=\"\" \/><\/a>\n\t\t\t<\/div><\/figure><figure class='gallery-item'>\n\t\t\t<div class='gallery-icon landscape'>\n\t\t\t\t<a data-elementor-open-lightbox=\"yes\" data-elementor-lightbox-slideshow=\"3205737\" data-elementor-lightbox-title=\"uzung\u00f6l\" data-e-action-hash=\"#elementor-action%3Aaction%3Dlightbox%26settings%3DeyJpZCI6MTAwLCJ1cmwiOiJodHRwczpcL1wveG4tLWF0cm9sdS02NWE1bDFxLnRyXC93cC1jb250ZW50XC91cGxvYWRzXC8yMDI1XC8xMFwvdXp1bmdvbC5qcGciLCJzbGlkZXNob3ciOiIzMjA1NzM3In0%3D\" href='https:\/\/xn--atrolu-65a5l1q.tr\/wp-content\/uploads\/2025\/10\/uzungol.jpg'><img loading=\"lazy\" decoding=\"async\" width=\"150\" height=\"150\" src=\"https:\/\/xn--atrolu-65a5l1q.tr\/wp-content\/uploads\/2025\/10\/uzungol-150x150.jpg\" class=\"attachment-thumbnail size-thumbnail\" alt=\"\" \/><\/a>\n\t\t\t<\/div><\/figure><figure class='gallery-item'>\n\t\t\t<div class='gallery-icon landscape'>\n\t\t\t\t<a data-elementor-open-lightbox=\"yes\" data-elementor-lightbox-slideshow=\"3205737\" data-elementor-lightbox-title=\"t1\" data-e-action-hash=\"#elementor-action%3Aaction%3Dlightbox%26settings%3DeyJpZCI6MzIzLCJ1cmwiOiJodHRwczpcL1wveG4tLWF0cm9sdS02NWE1bDFxLnRyXC93cC1jb250ZW50XC91cGxvYWRzXC8yMDI1XC8xMFwvdDEuanBnIiwic2xpZGVzaG93IjoiMzIwNTczNyJ9\" href='https:\/\/xn--atrolu-65a5l1q.tr\/wp-content\/uploads\/2025\/10\/t1.jpg'><img loading=\"lazy\" decoding=\"async\" width=\"150\" height=\"150\" src=\"https:\/\/xn--atrolu-65a5l1q.tr\/wp-content\/uploads\/2025\/10\/t1-150x150.jpg\" class=\"attachment-thumbnail size-thumbnail\" alt=\"\" \/><\/a>\n\t\t\t<\/div><\/figure><figure class='gallery-item'>\n\t\t\t<div class='gallery-icon landscape'>\n\t\t\t\t<a data-elementor-open-lightbox=\"yes\" data-elementor-lightbox-slideshow=\"3205737\" data-elementor-lightbox-title=\"t2\" data-e-action-hash=\"#elementor-action%3Aaction%3Dlightbox%26settings%3DeyJpZCI6MzI0LCJ1cmwiOiJodHRwczpcL1wveG4tLWF0cm9sdS02NWE1bDFxLnRyXC93cC1jb250ZW50XC91cGxvYWRzXC8yMDI1XC8xMFwvdDIuanBnIiwic2xpZGVzaG93IjoiMzIwNTczNyJ9\" href='https:\/\/xn--atrolu-65a5l1q.tr\/wp-content\/uploads\/2025\/10\/t2.jpg'><img loading=\"lazy\" decoding=\"async\" width=\"150\" height=\"150\" src=\"https:\/\/xn--atrolu-65a5l1q.tr\/wp-content\/uploads\/2025\/10\/t2-150x150.jpg\" class=\"attachment-thumbnail size-thumbnail\" alt=\"\" \/><\/a>\n\t\t\t<\/div><\/figure><figure class='gallery-item'>\n\t\t\t<div class='gallery-icon landscape'>\n\t\t\t\t<a data-elementor-open-lightbox=\"yes\" data-elementor-lightbox-slideshow=\"3205737\" data-elementor-lightbox-title=\"t3\" data-e-action-hash=\"#elementor-action%3Aaction%3Dlightbox%26settings%3DeyJpZCI6MzI1LCJ1cmwiOiJodHRwczpcL1wveG4tLWF0cm9sdS02NWE1bDFxLnRyXC93cC1jb250ZW50XC91cGxvYWRzXC8yMDI1XC8xMFwvdDMuanBnIiwic2xpZGVzaG93IjoiMzIwNTczNyJ9\" href='https:\/\/xn--atrolu-65a5l1q.tr\/wp-content\/uploads\/2025\/10\/t3.jpg'><img loading=\"lazy\" decoding=\"async\" width=\"150\" height=\"150\" src=\"https:\/\/xn--atrolu-65a5l1q.tr\/wp-content\/uploads\/2025\/10\/t3-150x150.jpg\" class=\"attachment-thumbnail size-thumbnail\" alt=\"\" \/><\/a>\n\t\t\t<\/div><\/figure><figure class='gallery-item'>\n\t\t\t<div class='gallery-icon landscape'>\n\t\t\t\t<a data-elementor-open-lightbox=\"yes\" data-elementor-lightbox-slideshow=\"3205737\" data-elementor-lightbox-title=\"t4\" data-e-action-hash=\"#elementor-action%3Aaction%3Dlightbox%26settings%3DeyJpZCI6MzI2LCJ1cmwiOiJodHRwczpcL1wveG4tLWF0cm9sdS02NWE1bDFxLnRyXC93cC1jb250ZW50XC91cGxvYWRzXC8yMDI1XC8xMFwvdDQuanBnIiwic2xpZGVzaG93IjoiMzIwNTczNyJ9\" href='https:\/\/xn--atrolu-65a5l1q.tr\/wp-content\/uploads\/2025\/10\/t4.jpg'><img loading=\"lazy\" decoding=\"async\" width=\"150\" height=\"150\" src=\"https:\/\/xn--atrolu-65a5l1q.tr\/wp-content\/uploads\/2025\/10\/t4-150x150.jpg\" class=\"attachment-thumbnail size-thumbnail\" alt=\"\" \/><\/a>\n\t\t\t<\/div><\/figure><figure class='gallery-item'>\n\t\t\t<div class='gallery-icon landscape'>\n\t\t\t\t<a data-elementor-open-lightbox=\"yes\" data-elementor-lightbox-slideshow=\"3205737\" data-elementor-lightbox-title=\"t5\" data-e-action-hash=\"#elementor-action%3Aaction%3Dlightbox%26settings%3DeyJpZCI6MzI3LCJ1cmwiOiJodHRwczpcL1wveG4tLWF0cm9sdS02NWE1bDFxLnRyXC93cC1jb250ZW50XC91cGxvYWRzXC8yMDI1XC8xMFwvdDUuanBnIiwic2xpZGVzaG93IjoiMzIwNTczNyJ9\" href='https:\/\/xn--atrolu-65a5l1q.tr\/wp-content\/uploads\/2025\/10\/t5.jpg'><img loading=\"lazy\" decoding=\"async\" width=\"150\" height=\"150\" src=\"https:\/\/xn--atrolu-65a5l1q.tr\/wp-content\/uploads\/2025\/10\/t5-150x150.jpg\" class=\"attachment-thumbnail size-thumbnail\" alt=\"\" \/><\/a>\n\t\t\t<\/div><\/figure><figure class='gallery-item'>\n\t\t\t<div class='gallery-icon landscape'>\n\t\t\t\t<a data-elementor-open-lightbox=\"yes\" data-elementor-lightbox-slideshow=\"3205737\" data-elementor-lightbox-title=\"t6\" data-e-action-hash=\"#elementor-action%3Aaction%3Dlightbox%26settings%3DeyJpZCI6MzI4LCJ1cmwiOiJodHRwczpcL1wveG4tLWF0cm9sdS02NWE1bDFxLnRyXC93cC1jb250ZW50XC91cGxvYWRzXC8yMDI1XC8xMFwvdDYuanBnIiwic2xpZGVzaG93IjoiMzIwNTczNyJ9\" href='https:\/\/xn--atrolu-65a5l1q.tr\/wp-content\/uploads\/2025\/10\/t6.jpg'><img loading=\"lazy\" decoding=\"async\" width=\"150\" height=\"150\" src=\"https:\/\/xn--atrolu-65a5l1q.tr\/wp-content\/uploads\/2025\/10\/t6-150x150.jpg\" class=\"attachment-thumbnail size-thumbnail\" alt=\"\" \/><\/a>\n\t\t\t<\/div><\/figure><figure class='gallery-item'>\n\t\t\t<div class='gallery-icon landscape'>\n\t\t\t\t<a data-elementor-open-lightbox=\"yes\" data-elementor-lightbox-slideshow=\"3205737\" data-elementor-lightbox-title=\"t8\" data-e-action-hash=\"#elementor-action%3Aaction%3Dlightbox%26settings%3DeyJpZCI6MzI5LCJ1cmwiOiJodHRwczpcL1wveG4tLWF0cm9sdS02NWE1bDFxLnRyXC93cC1jb250ZW50XC91cGxvYWRzXC8yMDI1XC8xMFwvdDguanBnIiwic2xpZGVzaG93IjoiMzIwNTczNyJ9\" href='https:\/\/xn--atrolu-65a5l1q.tr\/wp-content\/uploads\/2025\/10\/t8.jpg'><img loading=\"lazy\" decoding=\"async\" width=\"150\" height=\"150\" src=\"https:\/\/xn--atrolu-65a5l1q.tr\/wp-content\/uploads\/2025\/10\/t8-150x150.jpg\" class=\"attachment-thumbnail size-thumbnail\" alt=\"\" \/><\/a>\n\t\t\t<\/div><\/figure><figure class='gallery-item'>\n\t\t\t<div class='gallery-icon landscape'>\n\t\t\t\t<a data-elementor-open-lightbox=\"yes\" data-elementor-lightbox-slideshow=\"3205737\" data-elementor-lightbox-title=\"t9\" data-e-action-hash=\"#elementor-action%3Aaction%3Dlightbox%26settings%3DeyJpZCI6MzMwLCJ1cmwiOiJodHRwczpcL1wveG4tLWF0cm9sdS02NWE1bDFxLnRyXC93cC1jb250ZW50XC91cGxvYWRzXC8yMDI1XC8xMFwvdDkuanBnIiwic2xpZGVzaG93IjoiMzIwNTczNyJ9\" href='https:\/\/xn--atrolu-65a5l1q.tr\/wp-content\/uploads\/2025\/10\/t9.jpg'><img loading=\"lazy\" decoding=\"async\" width=\"150\" height=\"150\" src=\"https:\/\/xn--atrolu-65a5l1q.tr\/wp-content\/uploads\/2025\/10\/t9-150x150.jpg\" class=\"attachment-thumbnail size-thumbnail\" alt=\"\" \/><\/a>\n\t\t\t<\/div><\/figure><figure class='gallery-item'>\n\t\t\t<div class='gallery-icon landscape'>\n\t\t\t\t<a data-elementor-open-lightbox=\"yes\" data-elementor-lightbox-slideshow=\"3205737\" data-elementor-lightbox-title=\"t10\" data-e-action-hash=\"#elementor-action%3Aaction%3Dlightbox%26settings%3DeyJpZCI6MzMxLCJ1cmwiOiJodHRwczpcL1wveG4tLWF0cm9sdS02NWE1bDFxLnRyXC93cC1jb250ZW50XC91cGxvYWRzXC8yMDI1XC8xMFwvdDEwLmpwZyIsInNsaWRlc2hvdyI6IjMyMDU3MzcifQ%3D%3D\" href='https:\/\/xn--atrolu-65a5l1q.tr\/wp-content\/uploads\/2025\/10\/t10.jpg'><img loading=\"lazy\" decoding=\"async\" width=\"150\" height=\"150\" src=\"https:\/\/xn--atrolu-65a5l1q.tr\/wp-content\/uploads\/2025\/10\/t10-150x150.jpg\" class=\"attachment-thumbnail size-thumbnail\" alt=\"\" \/><\/a>\n\t\t\t<\/div><\/figure><figure class='gallery-item'>\n\t\t\t<div class='gallery-icon landscape'>\n\t\t\t\t<a data-elementor-open-lightbox=\"yes\" data-elementor-lightbox-slideshow=\"3205737\" data-elementor-lightbox-title=\"t11\" data-e-action-hash=\"#elementor-action%3Aaction%3Dlightbox%26settings%3DeyJpZCI6MzMyLCJ1cmwiOiJodHRwczpcL1wveG4tLWF0cm9sdS02NWE1bDFxLnRyXC93cC1jb250ZW50XC91cGxvYWRzXC8yMDI1XC8xMFwvdDExLmpwZyIsInNsaWRlc2hvdyI6IjMyMDU3MzcifQ%3D%3D\" href='https:\/\/xn--atrolu-65a5l1q.tr\/wp-content\/uploads\/2025\/10\/t11.jpg'><img loading=\"lazy\" decoding=\"async\" width=\"150\" height=\"150\" src=\"https:\/\/xn--atrolu-65a5l1q.tr\/wp-content\/uploads\/2025\/10\/t11-150x150.jpg\" class=\"attachment-thumbnail size-thumbnail\" alt=\"\" \/><\/a>\n\t\t\t<\/div><\/figure>\n\t\t<\/div>\n\t\t<\/div>\n\t\t\t\t\t\t<\/div>\n\t\t\t\t\t<\/div>\n\t\t\t\t<\/div>\n\t\t\t\t<\/div>\n\t\t","protected":false},"excerpt":{"rendered":"","protected":false},"author":1,"featured_media":0,"parent":0,"menu_order":0,"comment_status":"closed","ping_status":"closed","template":"","meta":{"footnotes":""},"class_list":["post-321","page","type-page","status-publish","hentry"],"_links":{"self":[{"href":"https:\/\/xn--atrolu-65a5l1q.tr\/index.php?rest_route=\/wp\/v2\/pages\/321","targetHints":{"allow":["GET"]}}],"collection":[{"href":"https:\/\/xn--atrolu-65a5l1q.tr\/index.php?rest_route=\/wp\/v2\/pages"}],"about":[{"href":"https:\/\/xn--atrolu-65a5l1q.tr\/index.php?rest_route=\/wp\/v2\/types\/page"}],"author":[{"embeddable":true,"href":"https:\/\/xn--atrolu-65a5l1q.tr\/index.php?rest_route=\/wp\/v2\/users\/1"}],"replies":[{"embeddable":true,"href":"https:\/\/xn--atrolu-65a5l1q.tr\/index.php?rest_route=%2Fwp%2Fv2%2Fcomments&post=321"}],"version-history":[{"count":7,"href":"https:\/\/xn--atrolu-65a5l1q.tr\/index.php?rest_route=\/wp\/v2\/pages\/321\/revisions"}],"predecessor-version":[{"id":361,"href":"https:\/\/xn--atrolu-65a5l1q.tr\/index.php?rest_route=\/wp\/v2\/pages\/321\/revisions\/361"}],"wp:attachment":[{"href":"https:\/\/xn--atrolu-65a5l1q.tr\/index.php?rest_route=%2Fwp%2Fv2%2Fmedia&parent=321"}],"curies":[{"name":"wp","href":"https:\/\/api.w.org\/{rel}","templated":true}]}}