{"id":116,"date":"2025-10-01T13:32:39","date_gmt":"2025-10-01T13:32:39","guid":{"rendered":"http:\/\/xn--atrolu-65a5l1q.tr\/?page_id=116"},"modified":"2025-10-01T13:48:37","modified_gmt":"2025-10-01T13:48:37","slug":"hakkimizda","status":"publish","type":"page","link":"https:\/\/xn--atrolu-65a5l1q.tr\/?page_id=116","title":{"rendered":"Hakk\u0131m\u0131zda"},"content":{"rendered":"<p data-start=\"224\" data-end=\"556\">Trabzon\u2019un k\u00f6kl\u00fc ailelerinden biri olan <strong data-start=\"264\" data-end=\"284\">\u015eat\u0131ro\u011flu Ailesi<\/strong>, ge\u00e7mi\u015ften bug\u00fcne ta\u015f\u0131d\u0131\u011f\u0131 de\u011ferleriyle birlik, dayan\u0131\u015fma ve payla\u015f\u0131m k\u00fclt\u00fcr\u00fcn\u00fc ya\u015fatan bir topluluktur. Aile b\u00fcy\u00fcklerimizden miras kalan bu g\u00fc\u00e7l\u00fc ba\u011flar\u0131 korumak, gelecek nesillere aktarmak ve toplumsal fayda sa\u011flamak amac\u0131yla <strong data-start=\"513\" data-end=\"541\">\u015eat\u0131ro\u011flu Ailesi Derne\u011fi<\/strong> kurulmu\u015ftur.<\/p>\n<p data-start=\"558\" data-end=\"856\">Derne\u011fimizin temel amac\u0131; aile fertleri aras\u0131ndaki ileti\u015fimi g\u00fc\u00e7lendirmek, k\u00fclt\u00fcrel miras\u0131m\u0131z\u0131 ya\u015fatmak, dayan\u0131\u015fmay\u0131 art\u0131rmak ve sosyal sorumluluk bilinciyle toplumumuza katk\u0131 sunmakt\u0131r. Bu do\u011frultuda; e\u011fitim, k\u00fclt\u00fcr, sanat, yard\u0131mla\u015fma ve dayan\u0131\u015fma alanlar\u0131nda \u00e7e\u015fitli faaliyetler y\u00fcr\u00fctmekteyiz.<\/p>\n<p data-start=\"858\" data-end=\"1161\"><strong data-start=\"858\" data-end=\"872\">Vizyonumuz<\/strong>, \u015eat\u0131ro\u011flu ailesinin birlik ve beraberli\u011fini gelece\u011fe ta\u015f\u0131yarak, hem aile fertlerine hem de topluma de\u011fer katan bir yap\u0131 olmakt\u0131r.<br data-start=\"1003\" data-end=\"1006\" \/><strong data-start=\"1006\" data-end=\"1020\">Misyonumuz<\/strong>, ge\u00e7mi\u015fin k\u00f6kl\u00fc geleneklerini korurken, modern d\u00fcnyan\u0131n imk\u00e2nlar\u0131n\u0131 kullanarak ailemizi daha da g\u00fc\u00e7l\u00fc bir \u015fekilde yar\u0131nlara ula\u015ft\u0131rmakt\u0131r.<\/p>\n<p data-start=\"1163\" data-end=\"1301\">Bizler i\u00e7in \u201caile\u201d sadece ayn\u0131 soydan gelmek de\u011fil; ayn\u0131 de\u011ferleri payla\u015fmak, birbirinin yan\u0131nda durmak ve gelece\u011fe birlikte y\u00fcr\u00fcmektir.<\/p>\n","protected":false},"excerpt":{"rendered":"<p>Trabzon\u2019un k\u00f6kl\u00fc ailelerinden biri olan \u015eat\u0131ro\u011flu Ailesi, ge\u00e7mi\u015ften bug\u00fcne ta\u015f\u0131d\u0131\u011f\u0131 de\u011ferleriyle birlik, dayan\u0131\u015fma ve payla\u015f\u0131m k\u00fclt\u00fcr\u00fcn\u00fc ya\u015fatan bir topluluktur. Aile b\u00fcy\u00fcklerimizden miras kalan bu g\u00fc\u00e7l\u00fc ba\u011flar\u0131 korumak, gelecek nesillere aktarmak ve toplumsal fayda sa\u011flamak amac\u0131yla \u015eat\u0131ro\u011flu Ailesi Derne\u011fi kurulmu\u015ftur. Derne\u011fimizin temel amac\u0131; aile fertleri aras\u0131ndaki ileti\u015fimi g\u00fc\u00e7lendirmek, k\u00fclt\u00fcrel miras\u0131m\u0131z\u0131 ya\u015fatmak, dayan\u0131\u015fmay\u0131 art\u0131rmak ve sosyal sorumluluk [&hellip;]<\/p>\n","protected":false},"author":1,"featured_media":0,"parent":0,"menu_order":0,"comment_status":"closed","ping_status":"closed","template":"","meta":{"footnotes":""},"class_list":["post-116","page","type-page","status-publish","hentry"],"_links":{"self":[{"href":"https:\/\/xn--atrolu-65a5l1q.tr\/index.php?rest_route=\/wp\/v2\/pages\/116","targetHints":{"allow":["GET"]}}],"collection":[{"href":"https:\/\/xn--atrolu-65a5l1q.tr\/index.php?rest_route=\/wp\/v2\/pages"}],"about":[{"href":"https:\/\/xn--atrolu-65a5l1q.tr\/index.php?rest_route=\/wp\/v2\/types\/page"}],"author":[{"embeddable":true,"href":"https:\/\/xn--atrolu-65a5l1q.tr\/index.php?rest_route=\/wp\/v2\/users\/1"}],"replies":[{"embeddable":true,"href":"https:\/\/xn--atrolu-65a5l1q.tr\/index.php?rest_route=%2Fwp%2Fv2%2Fcomments&post=116"}],"version-history":[{"count":10,"href":"https:\/\/xn--atrolu-65a5l1q.tr\/index.php?rest_route=\/wp\/v2\/pages\/116\/revisions"}],"predecessor-version":[{"id":126,"href":"https:\/\/xn--atrolu-65a5l1q.tr\/index.php?rest_route=\/wp\/v2\/pages\/116\/revisions\/126"}],"wp:attachment":[{"href":"https:\/\/xn--atrolu-65a5l1q.tr\/index.php?rest_route=%2Fwp%2Fv2%2Fmedia&parent=116"}],"curies":[{"name":"wp","href":"https:\/\/api.w.org\/{rel}","templated":true}]}}